 + 12. Give v(6).
216
Let g(s) = -s**2 - 50*s - 216. Calculate g(-36).
288
Let k(w) = w**2 + 158*w + 3003. Calculate k(-22).
11
Let p(x) = 7*x - 462. Determine p(65).
-7
Let s(w) = -w**3 + w**2 + 38*w + 21. Give s(9).
-285
Let k(l) = -l**2 - 63*l - 688. Calculate k(-18).
122
Let n(r) = 250*r + 237. Calculate n(0).
237
Let r(d) = d**2 + 195*d + 8501. Determine r(-66).
-13
Let g(m) = -m**3 + 28*m**2 + 65*m - 166. Calculate g(30).
-16
Let w(a) = 3*a**3 - a**2 - a + 3. Determine w(1).
4
Let l(d) = -5*d**2 - d - 41. Calculate l(0).
-41
Let w(f) = -455*f + 4097. Determine w(9).
2
Let a(q) = -33*q + 1391. Determine a(42).
5
Let z(a) = -a**3 + 18*a**2 + 27*a + 760. What is z(21)?
4
Let t(k) = -2*k**2 - 33*k - 8. What is t(-5)?
107
Let f(l) = 7*l**3 - 146*l**2 - 24*l + 49. Calculate f(21).
-14
Let z(d) = -5*d**3 - 17*d**2 - 43*d - 4. Give z(-3).
107
Let b(z) = -z**3 - 7*z**2 + 29*z + 192. Calculate b(-5).
-3
Let u(d) = -d**3 + 50*d**2 - 1219*d + 57338. Determine u(49).
8
Let r(y) = -y**2 + 146*y + 2769. Calculate r(-17).
-2
Let k(v) = -67*v + 4691. What is k(70)?
1
Let z(y) = 2*y**2 + 72*y - 200. What is z(-25)?
-750
Let a(k) = 650*k - 14310. Give a(22).
-10
Let v(i) = -103*i - 2074. Calculate v(-20).
-14
Let h(f) = -3*f**3 - 107*f**2 + 18*f - 691. Give h(-36).
-43
Let c(l) = l**3 - 14*l**2 - 15*l - 105. Calculate c(13).
-469
Let w(i) = 2*i**3 - 27*i**2 - 12*i - 9. Determine w(14).
19
Let b(w) = 4*w**3 - 5*w**2 - 13*w + 3. Calculate b(-3).
-111
Let o(j) = -13*j**2 - 635*j + 634. Determine o(1).
-14
Let w(s) = 7*s**2 + 410*s - 138. What is w(-59)?
39
Let h(t) = -23*t**2 - 147*t + 64. What is h(-7)?
-34
Let l(i) = i**3 + 10*i**2 + 14*i + 78. Give l(-7).
127
Let d(j) = 16*j + 19. Give d(-2).
-13
Let q(t) = -5*t**2 + 92*t - 119. Give q(17).
0
Let r(u) = u**2 - 119*u - 9801. Give r(175).
-1
Let o(j) = -313*j - 313. Determine o(-1).
0
Let q(a) = -a**2 + 67*a - 665. Calculate q(56).
-49
Let z(x) = 8*x**2 - 5*x + 8. What is z(4)?
116
Let b(k) = -k**2 - 1238*k + 43229. Calculate b(34).
-19
Let k(r) = -2*r**3 + 19*r**2 - 2*r + 36. Determine k(9).
99
Let y(j) = -12*j**2 - 4*j + 1. What is y(-6)?
-407
Let m(a) = 2124*a - 31858. Give m(15).
2
Let d(h) = -h**3 + 8*h**2 + 146*h - 20. Give d(16).
268
Let y(v) = -7*v - 938. Give y(-135).
7
Let k(h) = -h**3 + 14*h**2 - h - 61. Determine k(14).
-75
Let f(h) = -h**2 - 258*h - 14614. Determine f(-84).
2
Let b(k) = -2*k**2 + 6*k + 769. What is b(-18)?
13
Let p(t) = 103*t - 528. Determine p(5).
-13
Let m(f) = 2*f**2 - 11*f - 250. Give m(14).
-12
Let i(q) = -5*q**2 + 2*q - 95. Calculate i(-7).
-354
Let s(b) = b**3 - 56*b**2 - 81*b - 2004. Calculate s(58).
26
Let y(k) = -552*k + 2335. What is y(4)?
127
Let r(w) = w**2 - 53*w - 174. Calculate r(56).
-6
Let g(z) = 17*z - 1111. What is g(72)?
113
Let b(y) = -y**3 + 15*y**2 - y - 2. Give b(15).
-17
Let o(x) = 30*x**2 - 5*x + 5. Determine o(3).
260
Let y(a) = -18*a - 281. What is y(-25)?
169
Let h(l) = -l**3 + 10*l**2 + 7*l - 175. Give h(10).
-105
Let x(v) = v**2 - 50*v + 379. What is x(13)?
-102
Let x(v) = 2*v**2 + 178*v - 3848. What is x(18)?
4
Let k(s) = 690*s + 2088. Calculate k(-3).
18
Let p(o) = 18*o**2 + 204*o + 68. What is p(-11)?
2
Let m(j) = -330*j + 1586. Give m(4).
266
Let h(t) = 5*t + 249. Give h(-34).
79
Let u(t) = -t**2 - 101*t - 2533. Determine u(-52).
15
Let u(k) = 9*k**2 - k + 170. What is u(0)?
170
Let w(c) = 636*c**2 + 8904*c - 1. What is w(-14)?
-1
Let i(a) = 2*a**3 + 138*a**2 - 334*a - 3555. Determine i(-71).
-5
Let x(b) = -6*b**3 - 109*b**2 - 17*b + 10. What is x(-18)?
-8
Let x(a) = 550*a - 10465. Calculate x(19).
-15
Let d(u) = 8396*u - 3. Give d(0).
-3
Let j(a) = -166*a - 777. Calculate j(-5).
53
Let v(p) = -p**2 + 28*p + 2109. Calculate v(-34).
1
Let p(h) = h**2 + 5*h - 16. Determine p(-5).
-16
Let s(y) = 58*y - 8821. Calculate s(153).
53
Let m(d) = -d**2 + 119*d + 228. Calculate m(121).
-14
Let c(l) = 2*l**3 + 17*l**2 + 28*l + 19. Determine c(-6).
31
Let c(b) = b**3 + 42*b**2 + 240*b - 186. Calculate c(-35).
-11
Let a(l) = -3*l**2 + 21*l + 38. What is a(9)?
-16
Let q(o) = 2*o**2 + 15*o + 43. What is q(-7)?
36
Let g(n) = 29*n - 106. Determine g(4).
10
Let m(n) = n**3 + 13*n**2 - 112*n + 22. Determine m(-19).
-16
Let a(v) = 901*v + 1971. Calculate a(-2).
169
Let g(f) = f**2 - 195*f + 7624. Give g(141).
10
Let a(z) = z**3 - 16*z**2 - 9*z + 69. What is a(14)?
-449
Let g(h) = h**2 + 8*h - 3490. What is g(55)?
-25
Let w(m) = m**3 + 95*m**2 - 717*m - 324. Determine w(-102).
-18
Let w(x) = 4*x**2 + 282*x - 2039. Give w(7).
131
Let r(k) = 2*k**2 + 83*k + 615. Determine r(-31).
-36
Let q(w) = -w**3 - 2*w**2 + 8*w - 14. What is q(5)?
-149
Let l(k) = 7*k - 262. Calculate l(0).
-262
Let l(i) = 53*i - 1747. What is l(34)?
55
Let l(h) = 6*h**2 + 323*h - 165. What is l(-54)?
-111
Let a(z) = -z**2 + 1071*z - 17923. Determine a(17).
-5
Let g(j) = -j**2 + 173*j - 4182. What is g(29)?
-6
Let m(o) = -o**3 + 4*o**2 + 12*o - 39. What is m(-5)?
126
Let f(w) = -w**2 - 51*w + 75. Calculate f(-52).
23
Let m(j) = 4*j**2 - 171*j - 223. Determine m(44).
-3
Let k(c) = c**2 - 89*c + 1672. Determine k(66).
154
Let l(u) = u**2 - 68*u - 194. Give l(70).
-54
Let w(n) = n**3 - 14*n**2 + 28*n - 244. Give w(13).
-49
Let g(v) = 6*v**3 - 32*v**2 - 67*v + 361. Give g(5).
-24
Let p(t) = -t**3 + 28*t**2 - 50*t - 70. Calculate p(26).
-18
Let w(v) = -v**3 - 7*v**2 - 4*v - 186. Determine w(-9).
12
Let m(w) = 2*w**3 + w**2 + 4*w - 10. Give m(-4).
-138
Let b(j) = 2*j**2 + 43*j - 115. Determine b(-21).
-136
Let d(y) = y**3 + 4*y**2 - 106*y - 33. What is d(-12)?
87
Let a(t) = t**2 + 23*t + 35. What is a(-6)?
-67
Let v(t) = t**3 + 18*t**2 - 18*t - 326. Give v(-18).
-2
Let j(z) = -3*z**2 + 6*z + 94. Calculate j(-5).
-11
Let s(v) = 2089*v - 20856. What is s(10)?
34
Let g(t) = -t**2 - 2*t + 81. Calculate g(-10).
1
Let l(q) = -2*q**3 + 25*q**2 - 28*q - 34. What is l(11)?
21
Let t(h) = h**3 - 169*h**2 + 127*h + 6868. Calculate t(168).
-20
Let j(q) = -25*q**2 - 111*q - 346. Give j(-3).
-238
Let x(u) = -2*u**2 - 5*u + 4365. Calculate x(-48).
-3
Let r(v) = -24*v - 3. Give r(2).
-51
Let w(c) = -23*c - 458. Determine w(-30).
232
Let o(q) = 19*q**3 + 801*q**2 + 124*q - 72. Calculate o(-42).
12
Let r(b) = 44*b**2 - 174*b - 3. What is r(4)?
5
Let k(a) = -55*a**2 + 6*a + 16. Give k(-3).
-497
Let j(p) = -20*p + 207. Determine j(-5).
307
Let x(y) = -12*y - 93. Give x(-10).
27
Let p(d) = d**3 + 17*d**2 - 14*d + 9. Give p(-18).
-63
Let c(i) = i**3 - 10*i**2 + 13*i + 7. Determine c(6).
-59
Let f(y) = -294*y + 23811. Give f(81).
-3
Let v(p) = 23*p + 174. What is v(-6)?
36
Let b(x) = -108*x**2 + 749*x + 17. Give b(7).
-32
Let r(y) = -264*y - 272. Give r(-2).
256
Let f(u) = -30*u**3 - 3*u**2 + 6. What is f(-2)?
234
Let l(i) = -i**3 - 25*i**2 - 47*i - 53. What is l(-23)?
-30
Let f(y) = 4*y**3 - 72*y**2 + 285*y + 7. Calculate f(12).
-29
Let n(v) = 8*v**3 + 113*v**2 + 10*v - 55. Determine n(-14).
1
Let q(p) = -10*p**2 - 8*p + 30. Calculate q(-2).
6
Let w(k) = -2*k**2 - 16*k + 4. What is w(-17)?
-302
Let f(r) = 15*r + 1212. Calculate f(-81).
-3
Let b(n) = 50*n + 311. Give b(-8).
-89
Let b(u) = u**2 + 211*u + 9795. Give b(-142).
-3
Let c(t) = 76*t + 5083. Calculate c(-68).
-85
Let d(y) = y**3 + 7*y**2 - 11*y - 112. What is d(-6)?
-10
Let a(k) = -k**3 - 5*k**2 + 21*k - 3. What is a(-7)?
-52
Let f(n) = 126*n - 124. Give f(1).
2
Let g(f) = -33*f**2 - 186*f + 40. What is g(-7)?
-275
Let q(b) = -143*b - 1290. What is q(-9)?
-3
Let i(h) = -h**3 + 29*h**2 + 172*h - 231. Calculate i(-6).
-3
Let t(c) = -2*c**3 + 13*c**2 - 13*c + 60. What is t(6)?
18
Let g(q) = -q**3 + 12*q**2 + 6*q + 60. Determine g(14).
-248
Let w(g) = -g**3 + 106*g**2 + 100*g + 855. Determine w(107).
106
Let o(z) = -2*z**3 - 40*z**2 - 50*z - 230. Determine o(-19).
-2
Let y(u) = -u**3 - 10*u**2 + 15*u - 317. Determine y(-13).
-5
Let d(c) = c**2 - 1677*c - 10099. Give d(-6).
-1
Let x(n) = -259*n - 5943. Calculate x(-23).
14
Let b(x) = -141*x - 2900. What is b(-21)?
61
Let m(k) = -k**3 - 26*k**2 - 28*k - 84. Calculate m(-25).
-9
Let h(n) = n**3 - 29*n**2 - 1352*n + 124. Give h(54).
16
Let z(d) = -43*d**3 - 4*d**2 + 2*d + 1. Determine z(2).
-355
Let v(t) = 195*t - 2544. Calculate v(13).
-9
Let a(c) = c**3 + 2*c**2 + 68*c + 231. What is a(-3)?
18
Let l(k) = -582*k + 6990. 